base 15) in base 10?
3946
What is 32402 (base 6) in base 5?
120331
Convert 7a2 (base 13) to base 8.
2443
What is -1445 (base 7) in base 14?
-2cc
What is -297 (base 15) in base 13?
-367
What is -1232 (base 8) in base 14?
-358
-402 (base 5) to base 8
-146
Convert -13754 (base 8) to base 6.
-44204
1667 (base 12) to base 15
bd1
What is 1010110100 (base 2) in base 10?
692
Convert -3b8 (base 12) to base 4.
-20330
Convert 51 (base 7) to base 11.
33
Convert -13012002 (base 4) to base 16.
-7182
Convert 100110110111101 (base 2) to base 3.
1000022002
Convert -5172 (base 8) to base 13.
-12b4
-4111033 (base 5) to base 2
-10000001101011001
Convert -41583 (base 9) to base 15.
-8203
Convert 631 (base 13) to base 8.
2036
What is 2745 (base 11) in base 3?
11212210
Convert -112110 (base 3) to base 10.
-390
10602 (base 9) to base 11
5329
What is -264 (base 10) in base 13?
-174
What is 806 (base 16) in base 8?
4006
What is -64 (base 8) in base 10?
-52
What is 31020 (base 4) in base 15?
3b0
What is -1021000 (base 3) in base 7?
-2451
-611 (base 12) to base 14
-469
Convert 4311 (base 5) to base 15.
28b
What is -212111 (base 3) in base 6?
-2534
What is -22068 (base 10) in base 8?
-53064
Convert -16441 (base 12) to base 14.
-b7c5
320 (base 4) to base 9
62
What is 3aa1 (base 12) in base 9?
10224
30213 (base 4) to base 15
38c
2e65 (base 15) to base 6
114135
What is 6931 (base 13) in base 15?
457d
-1187 (base 11) to base 3
-2010022
Convert 10101100010 (base 2) to base 5.
21003
What is b4 (base 16) in base 9?
220
Convert 4011 (base 7) to base 2.
10101100100
Convert dc2 (base 14) to base 16.
a9e
Convert -11010101100 (base 2) to base 7.
-4660
33010101 (base 4) to base 6
1153413
-11bb9 (base 13) to base 15
-9a99
Convert 1110001001 (base 2) to base 11.
753
Convert -692 (base 15) to base 12.
-a3b
-3443 (base 13) to base 4
-1302122
Convert 462 (base 11) to base 5.
4202
Convert -140520 (base 8) to base 13.
-196aa
-1001102 (base 3) to base 14
-3cb
Convert -221 (base 13) to base 7.
-1031
Convert -192 (base 16) to base 3.
-112220
921 (base 14) to base 4
130001
What is -213 (base 16) in base 10?
-531
Convert 1236 (base 7) to base 2.
111010100
Convert -64133 (base 7) to base 4.
-3313223
Convert 21663 (base 8) to base 12.
5357
-44a (base 14) to base 6
-3534
-102112 (base 3) to base 5
-2221
What is 2331 (base 16) in base 3?
110100200
-460 (base 16) to base 5
-13440
Convert -2911 (base 15) to base 5.
-240131
-24363 (base 7) to base 2
-1100011011110
-9 (base 16) to base 5
-14
-3472 (base 10) to base 6
-24024
What is -3135 (base 6) in base 2?
-1011000011
-10011010010111 (base 2) to base 16
-2697
25604 (base 12) to base 7
301426
What is -35140 (base 6) in base 8?
-11644
24a7 (base 13) to base 16
1457
Convert -10001101000 (base 2) to base 5.
-14003
Convert -210110 (base 6) to base 15.
-5010
-9702 (base 13) to base 9
-31666
What is -538 (base 13) in base 9?
-1201
Convert -2a41 (base 14) to base 3.
-101021222
Convert 20110001 (base 3) to base 13.
21a6
386 (base 12) to base 3
201210
-c395 (base 15) to base 14
-110b1
-202424 (base 5) to base 4
-1213112
-1007 (base 12) to base 3
-2101021
Convert 562 (base 10) to base 6.
2334
-10311221 (base 4) to base 5
-1113232
What is -790 (base 11) in base 8?
-1662
Convert 4314 (base 7) to base 14.
7b4
-200200221 (base 3) to base 10
-13633
What is 33425 (base 7) in base 16?
20ff
Convert -29 (base 13) to base 11.
-32
Convert -21232 (base 5) to base 6.
-10402
What is 13db (base 16) in base 14?
1bd1
-13533 (base 13) to base 12
-18a33
Convert -2145 (base 6) to base 14.
-277
Convert -1059 (base 10) to base 9.
-1406
What is -2083 (base 15) in base 4?
-1223121
Convert 1251 (base 9) to base 15.
427
What is -11111101111110 (base 2) in base 15?
-4c39
2282 (base 9) to base 13
a04
What is -12d1 (base 14) in base 11?
-2548
Convert 13110 (base 5) to base 6.
4434
-190 (base 16) to base 15
-1ba
766 (base 14) to base 5
21322
Convert 111412 (base 5) to base 3.
12110111
Convert 1012233 (base 4) to base 3.
20012200
What is 22400 (base 5) in base 16?
640
What is 127 (base 15) in base 11?
219
Convert 14005 (base 6) to base 14.
b09
Convert -892 (base 10) to base 8.
-1574
What is -6788 (base 14) in base 2?
-100011000100100
What is -92a (base 13) in base 11?
-1196
-80f (base 16) to base 7
-6005
What is -13023 (base 8) in base 4?
-1120103
What is 145440 (base 8) in base 9?
78287
Convert -22020110 (base 3) to base 11.
-4570
What is -27147 (base 8) in base 13?
-553a
-3113330 (base 4) to base 2
-11010111111100
Convert 6923 (base 10) to base 11.
5224
4c2 (base 14) to base 10
954
Convert 2834 (base 10) to base 11.
2147
What is 614 (base 10) in base 9?
752
What is -56 (base 7) in base 12?
-35
Convert 5575 (base 12) to base 15.
2bee
Convert 249 (base 13) to base 6.
1503
What is -525 (base 13) in base 16?
-36c
What is -2120103 (base 4) in base 6?
-113043
Convert -4575 (base 10) to base 8.
-10737
What is 2b4 (base 13) in base 11?
401
Convert -57792 (base 10) to base 4.
-32013000
What is -805 (base 14) in base 5?
-22243
-353 (base 14) to base 12
-471
Convert 2c17 (base 16) to base 11.
8531
What is 134244 (base 6) in base 13?
5995
159a (base 12) to base 5
40231
What is 111414 (base 6) in base 8?
22342
Convert 403244 (base 6) to base 14.
b872
What is -3c6f (base 16) in base 4?
-3301233
Convert -28e6 (base 15) to base 6.
-104330
Convert a2 (base 14) to base 11.
11a
-f632 (base 16) to base 3
-10012110022
What is 9043 (base 11) in base 10?
12026
-5749 (base 11) to base 6
-54551
Convert -429 (base 14) to base 6.
-3445
Convert 10142 (base 5) to base 6.
3040
Convert 1111110110011000 (base 2) to base 5.
4034140
4 (base 9) to base 2
100
What is d581 (base 14) in base 11?
25693
What is -1001101100 (base 2) in base 6?
-2512
What is -10646 (base 9) in base 4?
-1232301
What is 1011111201 (base 3) in base 8?
54671
What is 2213 (base 7) in base 13?
491
-cd (base 15) to base 9
-234
What is -23652 (base 11) in base 12?
-17862
Convert -27901 (base 10) to base 13.
-c913
What is -9e1 (base 15) in base 7?
-6343
333330 (base 5) to base 10
11715
11001011110 (base 2) to base 13
985
What is -13f (base 16) in base 14?
-18b
-1523d (base 14) to base 4
-30311213
What is -221222211 (base 3) in base 14?
-6c97
Convert 58 (base 14) to base 12.
66
21321 (base 4) to base 10
633
What is -524c (base 15) in base 8?
-41765
Convert 15505 (base 6) to base 3.
10111212
247 (base 16) to base 5
4313
What is 211121 (base 3) in base 15?
2aa
10011110010 (base 2) to base 6
5510
What is -5256 (base 7) in base 2?
-11100111110
What is -240a (base 12) in base 5?
-112132
-35305 (base 6) to base 15
-178b
What is 163 (base 10) in base 14?
b9
-1de7 (base 15) to base 9
-8841
1472 (base 10) to base 3
2000112
Convert -1010000011010 (base 2) to base 6.
-35454
What is 4047 (base 10) in base 3?
12112220
What is -1434 (base 6) in base 14?
-1d4
What is -4441 (base 6) in base 3?
-1102021
What is -59bc (base 16) in base 15?
-6c17
4972 (base 16) to base 2
100100101110010
What is 606 (base 8) in base 14?
1dc
What is 4203442 (base 5) in base 2?
10000111001111111
Convert -33 (base 16) to base 11.
-47
-45 (base 14) to base 15
-41
What is 110100110 (base 2) in base 9?
518
What is -4242 (base 7) in base 8?
-2734
Convert 105036 (base 7) to base 6.
221513
What is 1ad3 (base 14) in base 12?
29b5
What is 21222 (base 3) in base 14?
115
What is -1ba5 (base 14) in base 16?
-13b5
Convert 10011122 (base 3) to base 12.
1408
What is -669 (base 10) in base 9?
-823
-13ee7 (base 16) to base 6
-1425543
Convert -101000111 (base 2) to base 5.
-2302
Convert 3a7d (base 14) to base 2.
10100000111111
1000111010100 (base 2) to base 6
33044
What is 100010010110 (base 2) in base 5?
32243
-223302 (base 5) to base 6
-100452
What is -105021 (base 6) in base 2?
-10001010100101
Convert -616 (base 15) to base 13.
-816
1000 (base 5) to base 6
325
What is 570 (base 16) in base 7?
4026
-25b78 (base 13) to base 4
-101012301
59 (base 12) to base 14
4d
What is 1d96 (base 16) in base 15?
239e
Convert -10101011110100 (base 2) to base 9.
-16067
What is -33a6 (base 11) in base 3?
-20010122
What is -2516 (base 15) in base 8?
-17330
What is -101000111000010 (base 2) in base 15?
-6305
Convert -972 (base 14) to base 13.
-b05
What is -10461 (base 7) in base 11?
-1a90
6983 (base 15) to base 10
22398
Convert -